2758 is divided by 889.
91
Calculate the remainder when 22962 is divided by 472.
306
Calculate the remainder when 13540 is divided by 11.
10
What is the remainder when 18451 is divided by 129?
4
Calculate the remainder when 27510 is divided by 257.
11
Calculate the remainder when 53973 is divided by 17.
15
Calculate the remainder when 1094 is divided by 137.
135
Calculate the remainder when 26345 is divided by 406.
361
What is the remainder when 5951 is divided by 1?
0
What is the remainder when 209105 is divided by 1422?
71
What is the remainder when 49553 is divided by 16510?
23
What is the remainder when 276412 is divided by 37?
22
What is the remainder when 24810 is divided by 1459?
7
What is the remainder when 14425 is divided by 328?
321
Calculate the remainder when 94345 is divided by 23586.
1
Calculate the remainder when 49469 is divided by 5495.
14
Calculate the remainder when 31112 is divided by 1555.
12
What is the remainder when 99256 is divided by 704?
696
Calculate the remainder when 12142 is divided by 12083.
59
What is the remainder when 247619 is divided by 123780?
59
Calculate the remainder when 113549 is divided by 14193.
5
What is the remainder when 228 is divided by 59?
51
What is the remainder when 24464 is divided by 6?
2
What is the remainder when 74065 is divided by 29?
28
Calculate the remainder when 46603 is divided by 15534.
1
Calculate the remainder when 1357054 is divided by 1129.
1125
What is the remainder when 26961 is divided by 442?
441
Calculate the remainder when 31204 is divided by 10378.
70
What is the remainder when 8076 is divided by 49?
40
Calculate the remainder when 123253 is divided by 71.
68
Calculate the remainder when 4292 is divided by 76.
36
What is the remainder when 9665 is divided by 136?
9
What is the remainder when 14334 is divided by 93?
12
What is the remainder when 9432 is divided by 63?
45
Calculate the remainder when 5314 is divided by 63.
22
What is the remainder when 43412 is divided by 95?
92
Calculate the remainder when 342141 is divided by 24.
21
Calculate the remainder when 11979 is divided by 90.
9
Calculate the remainder when 32572 is divided by 8137.
24
Calculate the remainder when 18940 is divided by 82.
80
What is the remainder when 12483 is divided by 1769?
100
What is the remainder when 1575 is divided by 1453?
122
Calculate the remainder when 31301 is divided by 7.
4
What is the remainder when 463044 is divided by 403?
400
Calculate the remainder when 2724 is divided by 44.
40
Calculate the remainder when 27143 is divided by 198.
17
Calculate the remainder when 500829 is divided by 24.
21
Calculate the remainder when 1350647 is divided by 104.
103
What is the remainder when 477413 is divided by 3?
2
What is the remainder when 95451 is divided by 9545?
1
What is the remainder when 9768 is divided by 28?
24
What is the remainder when 28897 is divided by 2887?
27
What is the remainder when 19311 is divided by 371?
19
Calculate the remainder when 3520 is divided by 42.
34
What is the remainder when 23159 is divided by 55?
4
What is the remainder when 20100 is divided by 38?
36
Calculate the remainder when 680416 is divided by 3240.
16
What is the remainder when 70171 is divided by 172?
167
Calculate the remainder when 35768 is divided by 7080.
368
What is the remainder when 164740 is divided by 148?
16
What is the remainder when 194736 is divided by 167?
14
What is the remainder when 1019 is divided by 202?
9
What is the remainder when 650284 is divided by 1590?
1564
What is the remainder when 162539 is divided by 7?
6
Calculate the remainder when 165823 is divided by 196.
7
What is the remainder when 5580 is divided by 312?
276
Calculate the remainder when 18055 is divided by 357.
205
Calculate the remainder when 33503 is divided by 56.
15
Calculate the remainder when 2890 is divided by 80.
10
Calculate the remainder when 33889 is divided by 323.
297
What is the remainder when 1936 is divided by 21?
4
Calculate the remainder when 53533 is divided by 3148.
17
What is the remainder when 24667 is divided by 28?
27
Calculate the remainder when 28729 is divided by 721.
610
Calculate the remainder when 4964347 is divided by 430.
427
Calculate the remainder when 199355 is divided by 4333.
37
Calculate the remainder when 7042 is divided by 28.
14
Calculate the remainder when 292221 is divided by 192.
189
Calculate the remainder when 9842 is divided by 145.
127
Calculate the remainder when 309482 is divided by 148.
14
What is the remainder when 43751 is divided by 19?
13
Calculate the remainder when 21459 is divided by 2144.
19
Calculate the remainder when 2280909 is divided by 976.
973
Calculate the remainder when 56532 is divided by 148.
144
Calculate the remainder when 4087 is divided by 39.
31
Calculate the remainder when 290 is divided by 7.
3
Calculate the remainder when 40837 is divided by 74.
63
What is the remainder when 216506 is divided by 72167?
5
Calculate the remainder when 48323 is divided by 1239.
2
What is the remainder when 12322 is divided by 158?
156
What is the remainder when 47486 is divided by 522?
506
Calculate the remainder when 68044 is divided by 71.
26
What is the remainder when 400042 is divided by 629?
627
Calculate the remainder when 60166 is divided by 37.
4
Calculate the remainder when 40220 is divided by 54.
44
Calculate the remainder when 11650 is divided by 1136.
290
What is the remainder when 12098 is divided by 622?
280
What is the remainder when 118641 is divided by 532?
5
Calculate the remainder when 7467 is divided by 2470.
57
What is the remainder when 32314 is divided by 17?
14
What is the remainder when 2618 is divided by 2455?
163
Calculate the remainder when 115914 is divided by 70.
64
Calculate the remainder when 459 is divided by 40.
19
What is the remainder when 75583 is divided by 342?
1
Calculate the remainder when 475788 is divided by 10.
8
What is the remainder when 68095 is divided by 512?
511
Calculate the remainder when 3975 is divided by 37.
16
Calculate the remainder when 12658 is divided by 486.
22
What is the remainder when 126266 is divided by 206?
194
What is the remainder when 195 is divided by 24?
3
Calculate the remainder when 4085 is divided by 4057.
28
What is the remainder when 39167 is divided by 5574?
149
Calculate the remainder when 5259 is divided by 1637.
348
Calculate the remainder when 787 is divided by 238.
73
Calculate the remainder when 3683 is divided by 1221.
20
Calculate the remainder when 94316 is divided by 90.
86
Calculate the remainder when 2917 is divided by 37.
31
Calculate the remainder when 6902 is divided by 459.
17
What is the remainder when 1274 is divided by 87?
56
What is the remainder when 2642 is divided by 199?
55
Calculate the remainder when 5585 is divided by 1842.
59
What is the remainder when 937632 is divided by 1213?
1196
Calculate the remainder when 3079887 is divided by 22.
19
Calculate the remainder when 65820 is divided by 352.
348
Calculate the remainder when 18234 is divided by 9111.
12
Calculate the remainder when 12969 is divided by 100.
69
What is the remainder when 157535 is divided by 9?
8
Calculate the remainder when 17741 is divided by 105.
101
What is the remainder when 24424 is divided by 69?
67
What is the remainder when 118629 is divided by 16947?
0
What is the remainder when 198511 is divided by 69?
67
What is the remainder when 5421 is divided by 1794?
39
Calculate the remainder when 13516 is divided by 4494.
34
Calculate the remainder when 811343 is divided by 135222.
11
Calculate the remainder when 25589 is divided by 12784.
21
What is the remainder when 33973 is divided by 38?
1
Calculate the remainder when 2849 is divided by 2841.
8
What is the remainder when 186 is divided by 42?
18
Calculate the remainder when 2802 is divided by 1286.
230
Calculate the remainder when 378945 is divided by 711.
693
Calculate the remainder when 124175 is divided by 6208.
15
Calculate the remainder when 1687 is divided by 338.
335
Calculate the remainder when 6332 is divided by 48.
44
Calculate the remainder when 13528 is divided by 1500.
28
Calculate the remainder when 336901 is divided by 367.
362
What is the remainder when 741 is divided by 561?
180
Calculate the remaind